mon divisor of y and w?
7
Let x(r) = 9*r + 148. Let i be x(-16). Suppose -i*w - 3*j + 217 = 48, 4*j = -4*w + 172. Calculate the greatest common factor of 460 and w.
20
Suppose -5*x - 4*s = -22618, -85*x + 81*x + 5*s + 18160 = 0. What is the greatest common factor of x and 2416?
302
Suppose 26 - 4 = 3*u + 4*c, -2*c = -3*u - 2. Suppose 4*w - 126 = -p, 0 = 6*p - 9*p + u*w + 336. Calculate the greatest common factor of 513 and p.
57
Let g(l) be the third derivative of -l**6/120 + l**5/4 + 35*l**4/24 + 23*l**3/3 + 16*l**2 - 4. Let q be g(17). What is the highest common factor of q and 9?
9
Suppose 4*j - 110 = -k, 24*j - 27*j + 440 = 4*k. What is the highest common factor of k and 1738?
22
Suppose 3*g + 447 = 5*j, -2*j + 134 + 47 = g. Let k(h) = 15*h - 69. Let s be k(7). Calculate the greatest common factor of j and s.
18
Suppose -14*o = -11*o - 2*d - 181, 4*o - 242 = 2*d. Suppose 20 = 2*s + 2*s, -2*j + 3*s = -o. Calculate the greatest common factor of j and 171.
19
Let q = 96 + -92. Suppose 2*u - l - 81 = 0, -q*u - 2*l = -u - 118. Let y be (4 + (-148)/7)*-7. Calculate the greatest common divisor of y and u.
40
Suppose -2*o = -3*l - 7*o - 88, -2*l - 4*o = 58. Let z = l - -67. Suppose -21 + 93 = 4*q. Calculate the greatest common divisor of z and q.
18
Suppose -3*x + 48 = 2*z, -5*z - 5*x + 44 = -3*z. Suppose 4*d + 2*t + 317 - 921 = 0, 2*d - 4*t - 322 = 0. Calculate the highest common factor of d and z.
9
Suppose 3*z - 558 = -4*m + 542, 3*z = 4*m - 1076. Calculate the highest common factor of 3332 and m.
68
Let p(i) = 228*i + 2343. Let t be p(-10). What is the highest common divisor of 21 and t?
21
Let o be 2/4*6 + (78 - 1). Suppose -4*h - 3*b + 320 = -0*b, -h + o = 4*b. What is the highest common divisor of h and 5?
5
Let q be (70/4)/((-72)/(-384)*(-32)/(-12)). What is the greatest common factor of q and 80?
5
Let x(j) = 2*j**2 - 11*j - 40. Let r = 129 + -132. Let g be x(r). Let q = 178 - 57. What is the greatest common divisor of g and q?
11
Let d = 13 + -16. Let l be ((-404)/(-6)*d)/((-8)/12). Let s = -213 + l. What is the greatest common factor of s and 36?
18
Let p = 11517 + -11505. Let g = 53 + -29. Calculate the greatest common divisor of p and g.
12
Let k be (-10258)/(-10) - (-560)/(-700). What is the highest common factor of k and 125?
25
Let o = -12337 - -12439. What is the highest common factor of 2924 and o?
34
Let t be ((-40)/(-130))/2 + 88216/78*6. Calculate the highest common factor of 232 and t.
58
Let m = 4 + 18. Let q be m*-6*(-4)/16. Let a be 6/(-8)*(-8 + 4). Calculate the highest common factor of q and a.
3
Suppose 17*f = 22*f - 500. Let a be f/(-6)*(-12)/8. Let g be (-10)/a - (-96)/15. Calculate the greatest common factor of g and 15.
3
Let i(v) = -v**3 + 67*v**2 - 648*v - 67. Let f be i(12). Let k(z) = -z**3 + 16*z**2 - 5*z - 14. Let s be k(14). What is the highest common divisor of s and f?
77
Suppose 3*w - 233 = 4*o - 65, 4*o = 2*w - 112. What is the highest common divisor of 3668 and w?
28
Let x be 0 + 34 - (-31374)/(-1743). Suppose -q + 52 + 96 = -2*h, 2*h + 604 = 4*q. Calculate the highest common factor of q and x.
8
Suppose 4*s = -3*l + 15, -14*s = l - 18*s - 5. Suppose -4*z + l = -c + 32, 4*c + 4*z = 8. What is the greatest common divisor of 35 and c?
7
Let d = -2012 + 3452. Calculate the greatest common divisor of 100 and d.
20
Let i(y) be the third derivative of 7*y**4/12 + 67*y**3/6 - 51*y**2. Let h be i(-4). What is the highest common factor of 209 and h?
11
Let l(w) = w**2 - 26*w + 5. Let u be (-1212)/(-42) - 2 - 1/(-7). Let s be l(u). Calculate the greatest common factor of 32 and s.
32
Let v(p) = 2*p**2 + 23*p - 141. Let k = -489 + 494. Let g be v(k). What is the highest common factor of g and 876?
12
Suppose 211636 = 111*c - 342476. What is the highest common divisor of 91 and c?
13
Let k = 31 - 10. Suppose -k*u + 416 = -17*u. What is the greatest common divisor of 8 and u?
8
Suppose 16*m - 10*m - 264 = 0. Suppose -34 = -t - m. Let w be (-2)/1 + t + 24. What is the highest common divisor of 30 and w?
6
Suppose k = -5*z + 2945 + 68, -4*k = 5*z - 3007. Calculate the highest common divisor of z and 189.
9
Suppose -96*n + 20*n - 16*n = 25*n - 1053. Let y be -26*4/((-16)/18). Calculate the highest common factor of n and y.
9
Let x(q) = -q**2 - 26*q + 311. Suppose -9*b - 1326 = 30*b. Let y be x(b). Let l = 6 + 7. Calculate the highest common factor of y and l.
13
Suppose 0 = -861*b + 839*b + 1430. Suppose 3*v = -2*v. Suppose v = -13*h + 8*h + b. What is the greatest common factor of 13 and h?
13
Let g be 62/((-3)/15*2). Let l = -137 - g. Let s be 4/18 - (-480)/27. Calculate the highest common divisor of s and l.
18
Suppose 0 = 5*z - 155 - 230. Let w be 4 + -5 + -2 + 27. Let a be (5/6)/5 - (-164)/w. What is the highest common factor of a and z?
7
Let k be (-168)/9*48/(-28). Let f(l) = l**3 - 12*l**2 - 12*l - 32. Let t be f(14). Calculate the highest common factor of k and t.
32
Let c = -61 - -169. Let y be (3 + -19)/(1/(-3)). Suppose 0 = -8*x + 12*x - y. What is the highest common factor of c and x?
12
Let v be 12 - (-2)/(8/(-12)). Suppose x = v + 2. Suppose 250 = -12*w + 1702. Calculate the highest common factor of w and x.
11
Let h = 349 - 313. Suppose 2*o = -h + 366. What is the greatest common factor of 33 and o?
33
Let c(x) = 88*x - 44. Suppose 7*u - 4*u + 3*m = 18, -4*m + 8 = 0. Let t be c(u). Calculate the greatest common divisor of t and 28.
28
Let h = 194 + -98. Let n be (-127)/4826 + (-66885)/(-190). What is the greatest common factor of h and n?
32
Let r = -6486 + 8836. Calculate the greatest common factor of 25 and r.
25
Suppose 0 = -11*h + 10 + 12. Let a be -4 - (h + (942/(-3) - 0)). Calculate the highest common divisor of a and 28.
28
Let l(d) = 12*d - 45 - 3*d + 39. Let c = 76 - 74. Let r be l(c). What is the greatest common divisor of r and 48?
12
Suppose -4617*o - 2576 = -4624*o. Calculate the greatest common divisor of 115 and o.
23
Suppose 9*c - 12 = 6. Let f be 1*(2 + (-1)/c*0). Suppose 5*u = 7 - f. What is the greatest common divisor of 8 and u?
1
Let l(r) = r**2 + 40 + 3*r + 2*r + 18 - 6*r + r**3. Let s be l(0). Let n be s/(-4)*(4 + -6). Calculate the highest common divisor of 87 and n.
29
Let y(i) be the first derivative of -i**3/3 - 7*i**2 + 31*i - 45. Let x be y(-13). Calculate the greatest common divisor of 154 and x.
22
Let r = 14474 - 12989. What is the highest common factor of r and 231?
33
Suppose -2*q + 29356 = 4*k, -5*k - 20*q + 36705 = -15*q. What is the highest common divisor of k and 69?
23
Let o be 2/10*(16 - -4). Suppose w - o*r = -0*r + 39, r + 5 = 0. What is the highest common divisor of w and 209?
19
Let d be -1 + 2 + 22/(-26) + (-1057688)/(-10088). Calculate the greatest common factor of 273 and d.
21
Suppose -5*w - 17*l + 20*l = -40, 4*w - 32 = 5*l. Let k(t) = 1 - 4*t - 3 - 1 + 3*t. Let o be k(-5). Calculate the greatest common divisor of o and w.
2
Let l(i) be the third derivative of -25*i**4/12 + 33*i**3/2 - 2*i**2 - 67. Let t be l(-4). What is the highest common divisor of t and 69?
23
Suppose 0 = -3*r + 6*r - 2*f - 248, 5*f = -r + 94. Suppose -830 = -10*l - 200. What is the greatest common factor of l and r?
21
Let s = 27573 + -27567. Calculate the greatest common factor of 237 and s.
3
Suppose -3*o = -7*l - 384, 123 = -4*o - 2*l + 601. Let f = -61 - -94. What is the greatest common factor of f and o?
11
Suppose 0 = -5*x - 4*d + 22, -4*x = -d - 4 - 1. Let b(p) = 1450*p - 11597. Let n be b(8). What is the greatest common factor of n and x?
1
Suppose 14*b - 16*b = 4*h - 1362, 5*b + 346 = h. Suppose -26*j + 75 = -h. What is the greatest common factor of j and 56?
8
Suppose 0 = -o + 6*o - 15. Let x be 12*203/116 + -19. What is the highest common factor of x and o?
1
Let m = 115 + 72. Suppose -4*q + 5*c + 262 = 0, -c + m = -q + 4*q. Let y = 27 - 20. What is the highest common factor of q and y?
7
Suppose 413 = -8*r - 299. Let f = -12 - r. Calculate the greatest common divisor of f and 22.
11
Suppose -213*k + 1017823 + 92377 = -822136. Calculate the greatest common factor of 126 and k.
126
Let p = 71 - 45. Let v be (-1 - -5) + 42/(-6) + 419. What is the greatest common divisor of p and v?
26
Let c = -11 + 17. Let r = -514 + 518. Suppose 3*p - 15 = -x, -r*p + 8*p - 40 = -3*x. Wh